)) a composite number?
True
Suppose 2*m - 16*m = 0. Suppose a = -m*a + 3492. Suppose a - 20596 = -16*g. Is g a composite number?
False
Suppose 0*m = -12*m - 36. Is ((-203258)/(-33))/((-2)/m) composite?
False
Let d(l) = -167*l + 637. Is d(-18) composite?
False
Suppose -17*k + 347174 = -506073. Is k a prime number?
False
Let y = 189 - 183. Suppose -11557 - 4097 = -y*h. Is h a composite number?
False
Suppose h + 75 = -125. Let n be h/34 + 4/(-34). Let c(b) = -b**3 - 3*b**2 + 2*b - 13. Is c(n) a prime number?
True
Let q(a) = 24*a + 289. Let w be q(-12). Is (-31957)/((44 + -45)/(0 + w)) a composite number?
False
Let o = -172200 - -661453. Is o prime?
False
Let w = -18671 + 30726. Is w a prime number?
False
Is ((-14654)/(-170))/((-6)/(-2010)) a prime number?
False
Let s(i) = i**2 + 21*i - 44. Let m be s(-17). Is 21/m*4 - 18887/(-4) a prime number?
True
Suppose 2*x = q - 6, -5*x + 6*x = 5*q - 12. Is (-480095)/(-175) + x/5 a prime number?
False
Suppose 0 = -210*l - 140*l + 28*l + 7879018. Is l a composite number?
False
Suppose -94378 = -28*m + 201106. Is m prime?
False
Is (-8212)/(-12)*84*19/76 a prime number?
False
Let l(g) = 15*g + 222. Let z be l(-14). Is 328 - ((z - 7) + 0) prime?
False
Let o = -1417861 - -2089008. Is o composite?
True
Let w(y) = -3*y**3 - 21*y**2 - 765*y - 12. Is w(-19) a composite number?
True
Let h(s) = s**2 + 12*s + 5. Let g be h(-12). Suppose q + g = -4*q, 7 = n - 4*q. Suppose 0 = -2*d + 3*u + 943, -2*u = d - n*u - 470. Is d a composite number?
False
Let y be -34*9/6*1. Let m be y/2*(-4)/6. Is (m - 16)/((-2)/(-382)) composite?
False
Let g(p) = p**2 - 5*p - 11. Let m be g(7). Suppose -m*n = 2*s - 1977, -866 = -4*n - s + 1770. Suppose 4*h = n + 4785. Is h composite?
False
Suppose -5*z + 16684 = -z. Let y be (-141)/6*(-184 + 6). Suppose -5*i + z = -5*b + 3*b, y = 5*i + 4*b. Is i a prime number?
False
Let p be 0 - -4 - (-10 + 15). Let s be (11/(-33))/(p/(-3)). Is (0 - s)/(13909/2317 - 6) prime?
True
Let o = 1359 - -1465. Suppose 0 = 10*c - 5*c - 3*w - 3530, -w - o = -4*c. Is c composite?
True
Suppose -5*s - 5*m + 1423852 = -2*s, 5*m + 474624 = s. Is s a composite number?
False
Let y be (5622/10)/((-5)/(-50)). Let g = y + -89. Is g composite?
True
Let h(x) = 1374*x - 491. Is h(6) prime?
True
Let i(r) = 722*r**2 - 162*r - 271. Is i(21) a composite number?
True
Let z(l) = l**2 - 14*l + 6. Let g = -1 - -18. Let k be z(g). Suppose 4*b = -20, -5*i = 3*b - k - 923. Is i a composite number?
False
Let t(w) = -719*w - 23. Let h(z) = 359*z + 11. Let q(a) = 9*h(a) + 4*t(a). Suppose 16*c + 5 = 165. Is q(c) prime?
True
Suppose 3*i = 1651 + 551. Suppose j - 6*j - 3*m + 1853 = 0, 2*j + 3*m = i. Is j composite?
False
Suppose -132505 = 47984*d - 47989*d. Is d a prime number?
True
Let k be (-80)/(-15) - (-7)/(-21). Suppose -k*g + 50453 = 3*j - 111599, g = -j + 32410. Is g a prime number?
True
Is 2/(-4) - (-21)/6*5329328/112 a prime number?
True
Let p(i) = -886*i**2 - 4*i + 1. Let u(f) = 3*f**2 - f + 1. Let t(v) = -p(v) - 4*u(v). Is t(-3) a prime number?
False
Let b be 5/1 + (-4 - -4). Suppose 0 = b*u - 13*u - 16. Is (-20 + 18)*1*2447/u a prime number?
True
Is (-99060 - (-273)/(-21))/((-3)/3) composite?
True
Let h = 13085 + -7104. Is h a composite number?
False
Let z(d) = 38*d**2 + 31*d + 4. Let r be z(-17). Let h = r + -2982. Is h a prime number?
True
Suppose 0 = -n + 6124 + 1743. Is n a prime number?
True
Let s(u) be the second derivative of 13*u**4/6 - 7*u**3/6 + 12*u**2 - 114*u. Is s(7) prime?
True
Suppose 3*r + 0*r - 6 = 0. Let c be (-4)/18 + (-137)/(-18)*r. Suppose c*g = 13*g + 778. Is g composite?
False
Let b be (-84)/(-16) + (-2)/8. Suppose b*v - 28037 = 39548. Is v a composite number?
True
Suppose f - 31 = -5*z, 0 = f - 4*f - 4*z + 82. Suppose -2*r + 2*k = -f, 0*r - 19 = -r - k. Is (-5)/(10/r) + 4 - -3797 composite?
False
Let s(t) be the third derivative of 1/60*t**5 + 5/24*t**4 + 0 - 6*t**2 + 7/6*t**3 + 0*t. Is s(-17) a prime number?
True
Suppose 0 = 72*h + 2568408 - 24715824. Is h a composite number?
True
Suppose -5*q - 5*p = -80, 0 = -5*q - 7*p + 5*p + 68. Let h be (2*3/q)/((-3)/(-18)). Is -1 + 104 - -1 - (-2 + h) prime?
True
Let o = -870 + 543. Let h = 1148 + o. Is h composite?
False
Suppose 0 = -3*o - 12, -22144 = -2*t - t + 4*o. Suppose -9*z - t = -46247. Is z a composite number?
True
Suppose 19*u + 18 = 25*u. Let w = u - -5. Suppose 1140 = w*o - 1988. Is o a composite number?
True
Let v be (4 - 2/(-4))*(0 + -4). Let u(y) = -y**3 - 18*y**2 + y + 22. Let h be u(v). Is (h/(-2))/(10/(-5185)) composite?
True
Let m(d) = 4*d**3 - 37*d**2 + 3923*d + 51. Is m(47) composite?
False
Suppose 0 = 8*p + 2 + 38. Let m(t) = t**2 + 3*t - 7. Let u be m(p). Suppose 5*w = -k + 123 + 289, 0 = u*k + 5*w - 1206. Is k prime?
True
Suppose 3*m - 3*j = 393063, -5*j + 3*j = -4. Is m a prime number?
True
Let n be ((-21)/9)/1 + 2/6. Let b be -2*(-1 - n) + 2/1. Suppose -176 = -5*y + 4*y - 3*z, b = -z + 5. Is y prime?
False
Let m(p) = 13*p**2 - 18*p + 28. Suppose 19*g = 18*g - 13. Is m(g) prime?
True
Let a(x) = -2*x**3 + 7*x**2 + 17*x + 5. Let c be a(-8). Suppose 0 = -22*r + 13*r + c. Is r prime?
True
Let v(x) = 8*x + 6. Let h be v(8). Let o = 43 - h. Is 375*1 + (o - -31) a composite number?
False
Let n = -3598 - -5392. Let c = -233 + n. Is c a prime number?
False
Let u(z) = z**3 - 20*z**2 + 37*z - 18. Let p be u(18). Suppose 5*t + 6*g - 10*g - 8297 = p, 3*t - 4959 = -4*g. Is t a prime number?
True
Let a = 81942 - 28303. Is a prime?
True
Let k(d) = 3*d**2 + 8*d - 109. Suppose -n = 3*z - 45, -51 = -3*z + 3*n - 2*n. Is k(z) composite?
False
Let i(c) = 1515*c**2 + 142*c + 2. Is i(-9) prime?
True
Let r(p) = -3*p**3 + 16*p**2 + 25*p - 11. Let b be r(15). Let s = 12346 + b. Is s a composite number?
True
Suppose -3 = -5*r + 3*t + 7, r = 3*t - 10. Suppose r*d + 1802 = w, -2058 = -5*w + 5*d + 7012. Is w a composite number?
True
Let l be (-4)/14 - -2*19385/(-35). Let c = l + 1604. Suppose -2*y - 2*o + c = 0, 8*o - 481 = -2*y + 3*o. Is y a composite number?
True
Suppose -17 = -8*a + 5*a - k, 0 = 2*a - k - 8. Suppose a*l + 0*l + 44 = 4*x, 4*x - l = 44. Suppose -116 = -m + x. Is m composite?
False
Let h be 1 + (4 - 1) - 1. Suppose h*c - 8 = c. Suppose -c*k + 3254 + 3294 = 0. Is k composite?
False
Let f(n) = 7*n**2 - 9*n - 15. Let l(y) = -3*y**2 + 5*y + 8. Let d be 4/4 + -4 + 8. Let z(w) = d*l(w) + 3*f(w). Is z(-11) prime?
True
Let t be -1746 - (75/(-27) - (-16)/(-72)). Let h = t - -4400. Is h composite?
False
Let d(l) = -16*l**2 - 70*l - 3. Let h = 136 + -140. Is d(h) a composite number?
True
Suppose -31*z = 4587734 - 14827747. Is z a prime number?
False
Let k be (5 + -5)/3 + 270. Let a = 856 - k. Suppose 3*j = -v + 292, j + a = 2*v + 6*j. Is v a composite number?
True
Let f = -16 - -29. Let i(w) = 4 - w + 5 + f*w**2 - 7*w + 6*w. Is i(4) prime?
False
Let g = -77 - -122. Suppose 0 = g*q - 47*q + 7782. Is q prime?
False
Let x be (1335/(-18) - 2/(-12))/(-2). Let g = 2412 + x. Is g prime?
False
Suppose 37*l - 161674 = 312666. Let b = -8273 + l. Is b composite?
False
Let u = 1071538 + -548189. Is u prime?
True
Is -2 + (106804719/627 - 6/(-11)) composite?
False
Let b(f) = -f**3 - 15*f**2 + 17*f + 22. Let h be b(-16). Let j(p) = 6*p**3 + 4*p**2 - 4*p + 4. Let n be j(2). Suppose -n - 294 = -h*l. Is l prime?
True
Let t(h) = -552*h**2 - 4. Let x be t(2). Let a = 3067 - x. Is a a prime number?
True
Let l = 115 + -109. Suppose -5*r + 990 = -2*t, -4*r - 4*t = -l*t - 790. Suppose g = -w - 3 + 46, 5*g + 2*w - r = 0. Is g a composite number?
True
Suppose 0 = -l + 5*g + 4914, 5*g + 9823 = -43*l + 45*l. Is l a composite number?
False
Suppose k + x - 6*x = 44458, -133385 = -3*k + 4*x. Is k prime?
False
Let p(k) = k**2 + 23*k + 30. Let l be ((-14)/6)/((-14)/(-126)). Let i be p(l). Let z = i - -35. Is z prime?
True
Let b = -718488 + 1258579. Is b a prime number?
False
Let v(w) = -w + 1. Let d(r) = -26*r**2 + 4*r. Let k(f) = -d(f) - 5*v(f). Suppose 18*y + 120 = -12*y. Is k(y) composite?
True
Let k(b) = 49132*b - 63. Is k(4) prime?
False
Let z = 50899 + 33970. Is z a composite number?
False
Let l = 451532 + -288690. Is l a prime number?
False
Suppose 4*a + a - 367605 = 5*h, 0 = -5*a - 5*h + 367565. Is a prime?
True
Let t = 419645 + -101568. Is t a prime number?
True
Let b = 236 - 146. Let n(o) = 